lculate the greatest common factor of 14641 and 36273743.
1331
What is the highest common factor of 12887 and 17417701?
1841
Calculate the greatest common factor of 1721836 and 8446.
82
Calculate the highest common divisor of 235 and 3644521.
47
What is the greatest common factor of 1265 and 2205610?
55
Calculate the highest common factor of 282828348 and 12.
12
Calculate the greatest common factor of 41329 and 5624.
37
What is the highest common divisor of 244 and 238436?
4
Calculate the greatest common factor of 988664438 and 69112.
17278
What is the highest common divisor of 64438 and 841?
29
What is the greatest common factor of 2757 and 6910880?
919
Calculate the greatest common divisor of 49918 and 433.
1
Calculate the greatest common factor of 41002 and 7264023.
247
What is the highest common factor of 1658344 and 416?
8
What is the highest common factor of 5691 and 309679559?
1897
Calculate the greatest common divisor of 12 and 146717424.
12
What is the greatest common factor of 1404 and 14533857?
351
Calculate the greatest common factor of 13482 and 3918432.
42
What is the highest common divisor of 3145 and 31402825?
3145
Calculate the highest common divisor of 25663 and 150063226.
2333
What is the highest common divisor of 34 and 416942272?
34
What is the highest common divisor of 229075 and 174675?
425
Calculate the highest common factor of 85579 and 89851367.
6583
Calculate the highest common divisor of 52351641 and 2133.
711
Calculate the greatest common factor of 5871 and 2236623.
57
What is the highest common factor of 8213 and 4493084?
191
What is the greatest common divisor of 2504253 and 3111?
51
What is the greatest common divisor of 269874 and 111870?
198
Calculate the highest common divisor of 1188 and 1371297708.
1188
Calculate the highest common factor of 1462600 and 10712.
824
What is the greatest common divisor of 188 and 52462810?
94
Calculate the highest common factor of 715 and 3249389.
143
What is the greatest common divisor of 1584656 and 80?
16
Calculate the highest common divisor of 687654 and 1397052.
2718
Calculate the highest common factor of 202185680 and 87.
29
What is the greatest common divisor of 4256 and 159071648?
608
Calculate the highest common divisor of 33688594 and 17.
17
What is the highest common factor of 8680 and 407200500?
4340
Calculate the highest common divisor of 10998 and 2934774.
846
Calculate the highest common factor of 389201 and 149078.
131
What is the highest common divisor of 167220 and 655740?
180
What is the highest common factor of 278 and 31336160?
278
What is the highest common factor of 3738 and 51357936?
42
Calculate the highest common divisor of 1013810 and 735.
245
What is the greatest common factor of 5814 and 229022181?
2907
What is the greatest common factor of 4458106 and 3665?
733
What is the greatest common factor of 27854 and 17442?
38
What is the greatest common divisor of 40419 and 574479?
27
What is the greatest common divisor of 12801466 and 157?
157
What is the highest common factor of 177580 and 364?
52
What is the highest common divisor of 217911 and 3249?
57
Calculate the highest common factor of 1415 and 2416688405.
1415
What is the greatest common divisor of 462429 and 2673?
2673
What is the greatest common divisor of 1035376 and 1676?
4
What is the greatest common divisor of 62920 and 1938904?
968
Calculate the highest common divisor of 185969445 and 10410.
5205
Calculate the highest common divisor of 6817280 and 1000.
40
Calculate the highest common divisor of 215900 and 35630.
10
What is the greatest common divisor of 391322 and 5792?
362
Calculate the highest common divisor of 55015232 and 172.
172
Calculate the greatest common factor of 29488602 and 1716.
858
Calculate the highest common divisor of 2730 and 13986.
42
What is the highest common divisor of 149277 and 140199?
51
What is the highest common divisor of 9867 and 24849?
33
What is the highest common divisor of 1 and 13297640?
1
What is the highest common factor of 402391 and 54793?
157
Calculate the greatest common factor of 44242 and 8118.
22
Calculate the highest common factor of 243626929 and 28805.
5761
What is the greatest common divisor of 4293 and 408417417?
1431
What is the greatest common factor of 5199615 and 90?
45
What is the highest common divisor of 89588376 and 407772?
8676
Calculate the highest common factor of 776216 and 58847.
83
Calculate the highest common factor of 393 and 304395792.
393
Calculate the greatest common divisor of 4041224 and 2536.
8
What is the greatest common factor of 352 and 7060658?
22
What is the highest common divisor of 759579 and 251049?
201
Calculate the greatest common factor of 24796155 and 5085.
1695
Calculate the greatest common divisor of 2585 and 976432050.
2585
What is the highest common divisor of 36 and 15428616?
12
Calculate the greatest common factor of 992 and 78316540.
124
Calculate the highest common divisor of 921 and 1190096859.
921
Calculate the highest common factor of 74003 and 19247664.
1721
Calculate the greatest common divisor of 19740 and 7356816.
564
Calculate the greatest common factor of 5005 and 47499529.
77
Calculate the highest common factor of 1025117 and 66716.
1283
Calculate the greatest common divisor of 15096304 and 352912.
2192
What is the highest common divisor of 10648716 and 247?
13
What is the highest common divisor of 8337753 and 4324?
1081
Calculate the highest common factor of 977854 and 4142.
38
Calculate the highest common divisor of 795847 and 21489.
377
What is the highest common factor of 6435 and 23932623?
429
What is the highest common divisor of 11375 and 6308575?
2275
Calculate the greatest common divisor of 19861408 and 256.
32
What is the greatest common divisor of 10766 and 47678?
1538
What is the greatest common divisor of 12 and 478056?
12
Calculate the highest common divisor of 28350 and 4302.
18
What is the highest common divisor of 4415623 and 223?
223
Calculate the highest common factor of 21624 and 2360514.
318
Calculate the greatest common factor of 4442 and 1639200166.
4442
What is the highest common factor of 148307626 and 239?
239
Calculate the highest common factor of 1181575 and 1748105.
1565
Calculate the greatest common divisor of 8832 and 1984704.
192
Calculate the greatest common factor of 111957 and 106530.
201
Calculate the highest common divisor of 30956050 and 37.
37
What is the highest common factor of 25264 and 865835176?
12632
What is the highest common factor of 898732 and 124?
4
What is the highest common divisor of 6901817 and 2252?
563
Calculate the highest common factor of 222664 and 488.
8
Calculate the greatest common factor of 199161450 and 1485.
135
What is the highest common factor of 999630 and 2088?
522
Calculate the highest common divisor of 33602 and 392446.
634
Calculate the greatest common factor of 1806639 and 4498.
173
Calculate the greatest common divisor of 215586150 and 7800.
1950
Calculate the greatest common factor of 21139437 and 66.
33
What is the greatest common factor of 2163438 and 3025797?
1371
What is the highest common factor of 252856278 and 5364?
2682
Calculate the highest common factor of 29352 and 3144.
24
Calculate the greatest common divisor of 21303 and 675384.
789
Calculate the greatest common divisor of 45 and 70192545.
15
Calculate the highest common divisor of 165 and 878502.
3
Calculate the greatest common divisor of 10 and 1275112.
2
Calculate the greatest common factor of 8 and 1065908.
4
What is the greatest common divisor of 174 and 4954215?
87
What is the highest common factor of 17415 and 335583?
81
What is the highest common factor of 11326864 and 176?
16
What is the highest common divisor of 1820 and 16328858?
182
What is the highest common divisor of 11373048 and 306?
18
What is the greatest common factor of 548 and 17564?
4
What is the greatest common factor of 508 and 32212?
4
Calculate the highest common divisor of 3406234 and 13.
13
What is the highest common factor of 4704 and 341344?
32
What is the highest common factor of 1089 and 15993417?
363
Calculate the highest common factor of 141 and 3691991.
47
Calculate the greatest common factor of 54368 and 3776.
32
Calculate the highest common divisor of 92 and 1